{"id":5,"date":"2024-09-30T11:42:34","date_gmt":"2024-09-30T09:42:34","guid":{"rendered":"http:\/\/www.omax-architects.com\/?page_id=5"},"modified":"2024-11-04T11:38:42","modified_gmt":"2024-11-04T10:38:42","slug":"notre-histoire","status":"publish","type":"page","link":"https:\/\/www.omax-architects.com\/index.php\/notre-histoire\/","title":{"rendered":"A propos"},"content":{"rendered":"<nav class=\"has-medium-font-size is-responsive items-justified-right wp-block-navigation has-system-font-font-family is-content-justification-right is-layout-flex wp-container-core-navigation-is-layout-d445cf74 wp-block-navigation-is-layout-flex\" aria-label=\"Navigation\" \n\t\t data-wp-interactive=\"core\/navigation\" data-wp-context='{\"overlayOpenedBy\":{\"click\":false,\"hover\":false,\"focus\":false},\"type\":\"overlay\",\"roleAttribute\":\"\",\"ariaLabel\":\"Menu\"}'><button aria-haspopup=\"dialog\" aria-label=\"Ouvrir le menu\" class=\"wp-block-navigation__responsive-container-open\" \n\t\t\t\tdata-wp-on--click=\"actions.openMenuOnClick\"\n\t\t\t\tdata-wp-on--keydown=\"actions.handleMenuKeydown\"\n\t\t\t><svg width=\"24\" height=\"24\" xmlns=\"http:\/\/www.w3.org\/2000\/svg\" viewBox=\"0 0 24 24\" aria-hidden=\"true\" focusable=\"false\"><path d=\"M4 7.5h16v1.5H4z\"><\/path><path d=\"M4 15h16v1.5H4z\"><\/path><\/svg><\/button>\n\t\t\t\t<div class=\"wp-block-navigation__responsive-container\"  id=\"modal-1\" \n\t\t\t\tdata-wp-class--has-modal-open=\"state.isMenuOpen\"\n\t\t\t\tdata-wp-class--is-menu-open=\"state.isMenuOpen\"\n\t\t\t\tdata-wp-watch=\"callbacks.initMenu\"\n\t\t\t\tdata-wp-on--keydown=\"actions.handleMenuKeydown\"\n\t\t\t\tdata-wp-on--focusout=\"actions.handleMenuFocusout\"\n\t\t\t\ttabindex=\"-1\"\n\t\t\t>\n\t\t\t\t\t<div class=\"wp-block-navigation__responsive-close\" tabindex=\"-1\">\n\t\t\t\t\t\t<div class=\"wp-block-navigation__responsive-dialog\" \n\t\t\t\tdata-wp-bind--aria-modal=\"state.ariaModal\"\n\t\t\t\tdata-wp-bind--aria-label=\"state.ariaLabel\"\n\t\t\t\tdata-wp-bind--role=\"state.roleAttribute\"\n\t\t\t>\n\t\t\t\t\t\t\t<button aria-label=\"Fermer le menu\" class=\"wp-block-navigation__responsive-container-close\" \n\t\t\t\tdata-wp-on--click=\"actions.closeMenuOnClick\"\n\t\t\t><svg xmlns=\"http:\/\/www.w3.org\/2000\/svg\" viewBox=\"0 0 24 24\" width=\"24\" height=\"24\" aria-hidden=\"true\" focusable=\"false\"><path d=\"m13.06 12 6.47-6.47-1.06-1.06L12 10.94 5.53 4.47 4.47 5.53 10.94 12l-6.47 6.47 1.06 1.06L12 13.06l6.47 6.47 1.06-1.06L13.06 12Z\"><\/path><\/svg><\/button>\n\t\t\t\t\t\t\t<div class=\"wp-block-navigation__responsive-container-content\" \n\t\t\t\tdata-wp-watch=\"callbacks.focusFirstElement\"\n\t\t\t id=\"modal-1-content\">\n\t\t\t\t\t\t\t\t<ul class=\"wp-block-navigation__container has-medium-font-size is-responsive items-justified-right wp-block-navigation has-medium-font-size has-system-font-font-family\"><li class=\"has-medium-font-size wp-block-navigation-item wp-block-navigation-link has-medium-font-size has-system-font-font-family\"><a class=\"wp-block-navigation-item__content\"  href=\"https:\/\/www.omax-architects.com\"><span class=\"wp-block-navigation-item__label\">Accueil<\/span><\/a><\/li><li class=\"has-medium-font-size wp-block-navigation-item wp-block-navigation-link\"><a class=\"wp-block-navigation-item__content\"  href=\"https:\/\/www.omax-architects.com\/index.php\/14-2\/\"><span class=\"wp-block-navigation-item__label\">Projets<\/span><\/a><\/li><li class=\"has-medium-font-size wp-block-navigation-item wp-block-navigation-link\"><a class=\"wp-block-navigation-item__content\"  href=\"https:\/\/www.omax-architects.com\/index.php\/notre-histoire\/\"><span class=\"wp-block-navigation-item__label\">A propos<\/span><\/a><\/li><\/ul>\n\t\t\t\t\t\t\t<\/div>\n\t\t\t\t\t\t<\/div>\n\t\t\t\t\t<\/div>\n\t\t\t\t<\/div><\/nav>\n\n\n<h2 class=\"wp-block-heading has-system-font-font-family\" style=\"font-size:41px\"><strong>NOTRE HISTOIRE.<\/strong><\/h2>\n\n\n\n<p><\/p>\n\n\n\n<p class=\"has-text-align-left has-foreground-color has-text-color has-link-color wp-elements-559ef9086bb36df25bdd3044cd3d1056\" style=\"margin-top:0;margin-right:0;margin-bottom:0;margin-left:0;font-style:normal;font-weight:100\">Nous sommes un cabinet d\u2019architecture bas\u00e9 en centre-ville de Lyon. Fond\u00e9 par un jeune architecte HMONP et une strat\u00e8ge charg\u00e9e d\u2019affaires. Un duo fraternel combatif qui vise un dessein ambitieux, en m\u00ealant esth\u00e9tique, ing\u00e9niosit\u00e9 et respect de l&rsquo;environnement pour cr\u00e9er des projets vernaculaires et r\u00e9solument tourn\u00e9s vers l\u2019avenir. Tout cela en travaillant avec le plaisir d\u2019enfants qui s\u2019amusent&#8230;  <\/p>\n\n\n\n<div style=\"height:29px\" aria-hidden=\"true\" class=\"wp-block-spacer\"><\/div>\n\n\n\n<figure class=\"wp-block-gallery has-nested-images columns-default is-cropped wp-block-gallery-2 is-layout-flex wp-block-gallery-is-layout-flex\">\n<figure class=\"wp-block-image size-large\"><img loading=\"lazy\" decoding=\"async\" width=\"683\" height=\"1024\" data-id=\"26\" src=\"https:\/\/www.omax-architects.com\/wp-content\/uploads\/2024\/09\/DSCF0538-copie-683x1024.jpg\" alt=\"\" class=\"wp-image-26\" srcset=\"https:\/\/www.omax-architects.com\/wp-content\/uploads\/2024\/09\/DSCF0538-copie-683x1024.jpg 683w, https:\/\/www.omax-architects.com\/wp-content\/uploads\/2024\/09\/DSCF0538-copie-200x300.jpg 200w, https:\/\/www.omax-architects.com\/wp-content\/uploads\/2024\/09\/DSCF0538-copie-768x1152.jpg 768w, https:\/\/www.omax-architects.com\/wp-content\/uploads\/2024\/09\/DSCF0538-copie-1024x1536.jpg 1024w, https:\/\/www.omax-architects.com\/wp-content\/uploads\/2024\/09\/DSCF0538-copie-1365x2048.jpg 1365w, https:\/\/www.omax-architects.com\/wp-content\/uploads\/2024\/09\/DSCF0538-copie-scaled.jpg 1707w\" sizes=\"auto, (max-width: 683px) 100vw, 683px\" \/><\/figure>\n\n\n\n<figure class=\"wp-block-image aligncenter size-large\"><img loading=\"lazy\" decoding=\"async\" width=\"683\" height=\"1024\" data-id=\"28\" src=\"https:\/\/www.omax-architects.com\/wp-content\/uploads\/2024\/09\/DSCF0559-copie-683x1024.jpg\" alt=\"\" class=\"wp-image-28\" srcset=\"https:\/\/www.omax-architects.com\/wp-content\/uploads\/2024\/09\/DSCF0559-copie-683x1024.jpg 683w, https:\/\/www.omax-architects.com\/wp-content\/uploads\/2024\/09\/DSCF0559-copie-200x300.jpg 200w, https:\/\/www.omax-architects.com\/wp-content\/uploads\/2024\/09\/DSCF0559-copie-768x1152.jpg 768w, https:\/\/www.omax-architects.com\/wp-content\/uploads\/2024\/09\/DSCF0559-copie-1024x1536.jpg 1024w, https:\/\/www.omax-architects.com\/wp-content\/uploads\/2024\/09\/DSCF0559-copie-1365x2048.jpg 1365w, https:\/\/www.omax-architects.com\/wp-content\/uploads\/2024\/09\/DSCF0559-copie-scaled.jpg 1707w\" sizes=\"auto, (max-width: 683px) 100vw, 683px\" \/><\/figure>\n<\/figure>\n\n\n\n<div class=\"wp-block-columns is-not-stacked-on-mobile is-layout-flex wp-container-core-columns-is-layout-28f84493 wp-block-columns-is-layout-flex\">\n<div class=\"wp-block-column is-layout-flow wp-block-column-is-layout-flow\">\n<p class=\"has-text-align-center\" style=\"font-size:1rem\"><em>Sophie BLANDIN<\/em><\/p>\n<\/div>\n\n\n\n<div class=\"wp-block-column is-layout-flow wp-block-column-is-layout-flow\">\n<p class=\"has-text-align-center has-small-font-size\"><em>Maxime BLANDIN<\/em><\/p>\n<\/div>\n<\/div>\n\n\n\n<div style=\"height:34px\" aria-hidden=\"true\" class=\"wp-block-spacer\"><\/div>\n\n\n\n<p class=\"has-text-align-center\"><strong>Nous contacter <\/strong><\/p>\n\n\n\n<p class=\"has-text-align-center\"> <a href=\"mailto:bonjour@omax-architects.com\">bonjour@omax-architects.com<\/a> <\/p>\n\n\n\n<div style=\"height:100px\" aria-hidden=\"true\" class=\"wp-block-spacer\"><\/div>\n\n\n\n<p class=\"has-text-align-center\"><a href=\"https:\/\/www.omax-architects.com\/index.php\/conditions-generales-de-ventes\/\" target=\"_blank\" rel=\"noreferrer noopener\">Mentions L\u00e9gales &#8211; CGV<\/a><\/p>\n\n\n\n<div style=\"height:100px\" aria-hidden=\"true\" class=\"wp-block-spacer\"><\/div>\n","protected":false},"excerpt":{"rendered":"<p>NOTRE HISTOIRE. Nous sommes un cabinet d\u2019architecture bas\u00e9 en centre-ville de Lyon. Fond\u00e9 par un jeune architecte HMONP et une strat\u00e8ge charg\u00e9e d\u2019affaires. Un duo fraternel combatif qui vise un dessein ambitieux, en m\u00ealant esth\u00e9tique, ing\u00e9niosit\u00e9 et respect de l&rsquo;environnement pour cr\u00e9er des projets vernaculaires et r\u00e9solument tourn\u00e9s vers l\u2019avenir. Tout cela en travaillant avec [&hellip;]<\/p>\n","protected":false},"author":1,"featured_media":0,"parent":0,"menu_order":0,"comment_status":"closed","ping_status":"closed","template":"","meta":{"footnotes":""},"class_list":["post-5","page","type-page","status-publish","hentry"],"_links":{"self":[{"href":"https:\/\/www.omax-architects.com\/index.php\/wp-json\/wp\/v2\/pages\/5","targetHints":{"allow":["GET"]}}],"collection":[{"href":"https:\/\/www.omax-architects.com\/index.php\/wp-json\/wp\/v2\/pages"}],"about":[{"href":"https:\/\/www.omax-architects.com\/index.php\/wp-json\/wp\/v2\/types\/page"}],"author":[{"embeddable":true,"href":"https:\/\/www.omax-architects.com\/index.php\/wp-json\/wp\/v2\/users\/1"}],"replies":[{"embeddable":true,"href":"https:\/\/www.omax-architects.com\/index.php\/wp-json\/wp\/v2\/comments?post=5"}],"version-history":[{"count":35,"href":"https:\/\/www.omax-architects.com\/index.php\/wp-json\/wp\/v2\/pages\/5\/revisions"}],"predecessor-version":[{"id":236,"href":"https:\/\/www.omax-architects.com\/index.php\/wp-json\/wp\/v2\/pages\/5\/revisions\/236"}],"wp:attachment":[{"href":"https:\/\/www.omax-architects.com\/index.php\/wp-json\/wp\/v2\/media?parent=5"}],"curies":[{"name":"wp","href":"https:\/\/api.w.org\/{rel}","templated":true}]}}