{"id":217,"date":"2024-10-11T16:08:13","date_gmt":"2024-10-11T14:08:13","guid":{"rendered":"https:\/\/www.omax-architects.com\/?page_id=217"},"modified":"2024-10-22T12:06:57","modified_gmt":"2024-10-22T10:06:57","slug":"comeodia","status":"publish","type":"page","link":"https:\/\/www.omax-architects.com\/index.php\/comeodia\/","title":{"rendered":"COMEODIA"},"content":{"rendered":"\n<p class=\"has-system-font-font-family has-x-large-font-size\"><strong>CINEMA LE COMEODIA LYON<\/strong> &#8211; 2023<\/p>\n\n\n\n<figure class=\"wp-block-image size-large\"><img loading=\"lazy\" decoding=\"async\" width=\"1024\" height=\"552\" src=\"https:\/\/www.omax-architects.com\/wp-content\/uploads\/2024\/09\/Image-26-09-2024-a-16.18-1024x552.jpg\" alt=\"\" class=\"wp-image-48\" srcset=\"https:\/\/www.omax-architects.com\/wp-content\/uploads\/2024\/09\/Image-26-09-2024-a-16.18-1024x552.jpg 1024w, https:\/\/www.omax-architects.com\/wp-content\/uploads\/2024\/09\/Image-26-09-2024-a-16.18-300x162.jpg 300w, https:\/\/www.omax-architects.com\/wp-content\/uploads\/2024\/09\/Image-26-09-2024-a-16.18-768x414.jpg 768w, https:\/\/www.omax-architects.com\/wp-content\/uploads\/2024\/09\/Image-26-09-2024-a-16.18-1536x827.jpg 1536w, https:\/\/www.omax-architects.com\/wp-content\/uploads\/2024\/09\/Image-26-09-2024-a-16.18.jpg 1912w\" sizes=\"auto, (max-width: 1024px) 100vw, 1024px\" \/><\/figure>\n\n\n\n<p>En collaboration avec l\u2019agence\u00a0<strong>Xanadu Lipstick<\/strong>\u00a0de Lyon, nous avons r\u00e9alis\u00e9 en 2023 la\u00a0<strong>conception et la construction<\/strong> d\u2019une extension pour le c\u00e9l\u00e8bre\u00a0<strong>Cin\u00e9ma Com\u0153dia<\/strong>. Ce projet audacieux int\u00e8gre non seulement une nouvelle\u00a0<strong>salle de cin\u00e9ma<\/strong>, con\u00e7ue pour offrir une exp\u00e9rience immersive unique, mais \u00e9galement un\u00a0<strong>logement en rooftop<\/strong>\u00a0situ\u00e9 au dernier \u00e9tage, offrant une vue panoramique exceptionnelle sur la ville.<\/p>\n\n\n\n<p>Pens\u00e9e pour enrichir l\u2019offre culturelle lyonnaise, avec une attention particuli\u00e8re port\u00e9e \u00e0 l&rsquo;optimisation des espaces et au confort des utilisateurs.<\/p>\n\n\n\n<p>Ce projet refl\u00e8te notre engagement \u00e0 m\u00ealer <strong>innovation et respect de l\u2019architecture existante, tout en cr\u00e9ant des lieux de vie et de culture uniques.<\/strong><\/p>\n\n\n\n<p><\/p>\n","protected":false},"excerpt":{"rendered":"<p>CINEMA LE COMEODIA LYON &#8211; 2023 En collaboration avec l\u2019agence\u00a0Xanadu Lipstick\u00a0de Lyon, nous avons r\u00e9alis\u00e9 en 2023 la\u00a0conception et la construction d\u2019une extension pour le c\u00e9l\u00e8bre\u00a0Cin\u00e9ma Com\u0153dia. Ce projet audacieux int\u00e8gre non seulement une nouvelle\u00a0salle de cin\u00e9ma, con\u00e7ue pour offrir une exp\u00e9rience immersive unique, mais \u00e9galement un\u00a0logement en rooftop\u00a0situ\u00e9 au dernier \u00e9tage, offrant une vue [&hellip;]<\/p>\n","protected":false},"author":1,"featured_media":0,"parent":0,"menu_order":0,"comment_status":"closed","ping_status":"closed","template":"","meta":{"footnotes":""},"class_list":["post-217","page","type-page","status-publish","hentry"],"_links":{"self":[{"href":"https:\/\/www.omax-architects.com\/index.php\/wp-json\/wp\/v2\/pages\/217","targetHints":{"allow":["GET"]}}],"collection":[{"href":"https:\/\/www.omax-architects.com\/index.php\/wp-json\/wp\/v2\/pages"}],"about":[{"href":"https:\/\/www.omax-architects.com\/index.php\/wp-json\/wp\/v2\/types\/page"}],"author":[{"embeddable":true,"href":"https:\/\/www.omax-architects.com\/index.php\/wp-json\/wp\/v2\/users\/1"}],"replies":[{"embeddable":true,"href":"https:\/\/www.omax-architects.com\/index.php\/wp-json\/wp\/v2\/comments?post=217"}],"version-history":[{"count":3,"href":"https:\/\/www.omax-architects.com\/index.php\/wp-json\/wp\/v2\/pages\/217\/revisions"}],"predecessor-version":[{"id":226,"href":"https:\/\/www.omax-architects.com\/index.php\/wp-json\/wp\/v2\/pages\/217\/revisions\/226"}],"wp:attachment":[{"href":"https:\/\/www.omax-architects.com\/index.php\/wp-json\/wp\/v2\/media?parent=217"}],"curies":[{"name":"wp","href":"https:\/\/api.w.org\/{rel}","templated":true}]}}